{"id":31342,"date":"2026-08-25T17:17:04","date_gmt":"2026-08-25T14:17:04","guid":{"rendered":"https:\/\/varsinais-suomi.fi\/lyyti-event\/pyoramatkailusta-nostetta-kylayhteisoille-ja-taloille-keskustelutilaisuus-ja-pyoranhuoltoa\/"},"modified":"2026-09-05T16:16:55","modified_gmt":"2026-09-05T13:16:55","slug":"pyoramatkailusta-nostetta-kylayhteisoille-ja-taloille-keskustelutilaisuus-ja-pyoranhuoltoa","status":"publish","type":"lyyti_event","link":"https:\/\/varsinais-suomi.fi\/sv\/lyyti-event\/pyoramatkailusta-nostetta-kylayhteisoille-ja-taloille-keskustelutilaisuus-ja-pyoranhuoltoa\/","title":{"rendered":"Py\u00f6r\u00e4matkailusta nostetta kyl\u00e4yhteis\u00f6ille ja -taloille!  Keskustelutilaisuus ja py\u00f6r\u00e4nhuoltoa"},"content":{"rendered":"<div class=\"lyyti-reporting-block\">\n<p>Keskustelutilaisuuden aiheina py\u00f6r\u00e4matkailu ja kest\u00e4v\u00e4mpien kulkumuotojen huomioiminen tapahtumien j\u00e4rjest\u00e4misess\u00e4 my\u00f6s maaseudulla.\u00a0<br \/>\nPiha-alueella pienimuotoinen py\u00f6r\u00e4nhuolto-pop-up Turun Polkupy\u00f6r\u00e4ilij\u00e4t ry TURPO:n ja Turun Py\u00f6r\u00e4pajan asiantuntemuksella! Tervetuloa!<\/p>\n<p><a href=\"https:\/\/valonia.fi\/tapahtuma\/pyoramatkailusta-nostetta-kylayhteisoille-ja-taloille-keskustelutilaisuus-ja-pyoranhuoltoa\/\" target=\"_blank\" rel=\"noopener\">Tutustu ohjelmaan Valonian sivuilla.<\/a><\/p>\n<\/div>\n","protected":false},"excerpt":{"rendered":"<p>Keskustelutilaisuuden aiheina py\u00f6r\u00e4matkailu ja kest\u00e4v\u00e4mpien kulkumuotojen huomioiminen tapahtumien j\u00e4rjest\u00e4misess\u00e4 my\u00f6s maaseudulla.\u00a0 Piha-alueella pienimuotoinen py\u00f6r\u00e4nhuolto-pop-up Turun Polkupy\u00f6r\u00e4ilij\u00e4t ry TURPO:n ja Turun Py\u00f6r\u00e4pajan asiantuntemuksella! Tervetuloa! Tutustu ohjelmaan Valonian sivuilla.<\/p>\n","protected":false},"featured_media":31343,"template":"","meta":{"_acf_changed":false,"footnotes":""},"lyyti_event_category":[2476],"class_list":["post-31342","lyyti_event","type-lyyti_event","status-publish","has-post-thumbnail","lyyti_event_category-yleisotilaisuus"],"acf":[],"_links":{"self":[{"href":"https:\/\/varsinais-suomi.fi\/sv\/wp-json\/wp\/v2\/lyyti_event\/31342","targetHints":{"allow":["GET"]}}],"collection":[{"href":"https:\/\/varsinais-suomi.fi\/sv\/wp-json\/wp\/v2\/lyyti_event"}],"about":[{"href":"https:\/\/varsinais-suomi.fi\/sv\/wp-json\/wp\/v2\/types\/lyyti_event"}],"version-history":[{"count":2,"href":"https:\/\/varsinais-suomi.fi\/sv\/wp-json\/wp\/v2\/lyyti_event\/31342\/revisions"}],"predecessor-version":[{"id":31408,"href":"https:\/\/varsinais-suomi.fi\/sv\/wp-json\/wp\/v2\/lyyti_event\/31342\/revisions\/31408"}],"wp:featuredmedia":[{"embeddable":true,"href":"https:\/\/varsinais-suomi.fi\/sv\/wp-json\/wp\/v2\/media\/31343"}],"wp:attachment":[{"href":"https:\/\/varsinais-suomi.fi\/sv\/wp-json\/wp\/v2\/media?parent=31342"}],"wp:term":[{"taxonomy":"lyyti_event_category","embeddable":true,"href":"https:\/\/varsinais-suomi.fi\/sv\/wp-json\/wp\/v2\/lyyti_event_category?post=31342"}],"curies":[{"name":"wp","href":"https:\/\/api.w.org\/{rel}","templated":true}]}}

Pyörämatkailusta nostetta kyläyhteisöille ja -taloille!  Keskustelutilaisuus ja pyöränhuoltoa

<div class="lyyti-reporting-block">
<p>Keskustelutilaisuuden aiheina pyörämatkailu ja kestävämpien kulkumuotojen huomioiminen tapahtumien järjestämisessä myös maaseudulla. <br />
Piha-alueella pienimuotoinen pyöränhuolto-pop-up Turun Polkupyöräilijät ry TURPO:n ja Turun Pyöräpajan asiantuntemuksella! Tervetuloa!</p>
<p><a href="https://valonia.fi/tapahtuma/pyoramatkailusta-nostetta-kylayhteisoille-ja-taloille-keskustelutilaisuus-ja-pyoranhuoltoa/" target="_blank" rel="noopener">Tutustu ohjelmaan Valonian sivuilla.</a></p>
</div>

<p>Keskustelutilaisuuden aiheina pyörämatkailu ja kestävämpien kulkumuotojen huomioiminen tapahtumien järjestämisessä myös maaseudulla.  Piha-alueella pienimuotoinen pyöränhuolto-pop-up Turun Polkupyöräilijät ry TURPO:n ja Turun Pyöräpajan asiantuntemuksella! Tervetuloa! Tutustu ohjelmaan Valonian sivuilla.</p>
