{"id":31277,"date":"2026-08-20T13:17:14","date_gmt":"2026-08-20T10:17:14","guid":{"rendered":"https:\/\/varsinais-suomi.fi\/lyyti-event\/varsinais-suomen-matkailukehittajien-paiva-naantalissa-15-9-2026\/"},"modified":"2026-09-05T17:16:54","modified_gmt":"2026-09-05T14:16:54","slug":"varsinais-suomen-matkailukehittajien-paiva-naantalissa-15-9-2026","status":"publish","type":"lyyti_event","link":"https:\/\/varsinais-suomi.fi\/sv\/lyyti-event\/varsinais-suomen-matkailukehittajien-paiva-naantalissa-15-9-2026\/","title":{"rendered":"Varsinais-Suomen matkailukehitt\u00e4jien p\u00e4iv\u00e4 Naantalissa 15.9.2026"},"content":{"rendered":"<div class=\"lyyti-reporting-block\">\n<p><span style=\"font-size:12pt\"><span style=\"font-family:Aptos, sans-serif\"><span style=\"font-size:11pt\"><span style=\"background-color:#FFFFFF\"><span style=\"color:#333333\">Miten matkailun saavutettavuutta voidaan parantaa Varsinais-Suomessa ja mit\u00e4 yhteisi\u00e4 kehitt\u00e4mistoimia tarvitaan kasvun vauhdittamiseksi?<\/span><\/span><\/span><\/span><\/span><\/p>\n<p><span style=\"font-size:12pt\"><span style=\"font-family:Aptos, sans-serif\"><span style=\"font-size:11pt\"><span style=\"background-color:#FFFFFF\"><span style=\"color:#333333\">Matkailukehitt\u00e4jien p\u00e4iv\u00e4ss\u00e4 kuulemme ajankohtaisia puheenvuoroja alueen liikenne- ja infrahankkeista sek\u00e4 lentoliikenteen n\u00e4kymist\u00e4. Iltap\u00e4iv\u00e4n ty\u00f6pajassa ty\u00f6st\u00e4mme yhdess\u00e4 matkailutoimijoiden yhteisi\u00e4 kehitt\u00e4mis- ja vaikuttamisk\u00e4rki\u00e4 teemalla <strong>&#8221;Saavutettavuudesta kasvuun&#8221;<\/strong>.<\/span><\/span><\/span><\/span><\/span><\/p>\n<p><span style=\"font-size:12pt\"><span style=\"font-family:Aptos, sans-serif\"><span style=\"font-size:11pt\"><span style=\"background-color:#FFFFFF\"><span style=\"color:#333333\">Tilaisuus on suunnattu matkailun kehitt\u00e4jille, matkailuorganisaatioille, kunnille, yrityksille ja muille matkailualan toimijoille.\u00a0<\/span><\/span><\/span><\/span><\/span><\/p>\n<\/div>\n","protected":false},"excerpt":{"rendered":"<p>Miten matkailun saavutettavuutta voidaan parantaa Varsinais-Suomessa ja mit\u00e4 yhteisi\u00e4 kehitt\u00e4mistoimia tarvitaan kasvun vauhdittamiseksi? Matkailukehitt\u00e4jien p\u00e4iv\u00e4ss\u00e4 kuulemme ajankohtaisia puheenvuoroja alueen liikenne- ja infrahankkeista sek\u00e4 lentoliikenteen n\u00e4kymist\u00e4. Iltap\u00e4iv\u00e4n ty\u00f6pajassa ty\u00f6st\u00e4mme yhdess\u00e4 matkailutoimijoiden&#8230;<\/p>\n","protected":false},"featured_media":31278,"template":"","meta":{"_acf_changed":false,"footnotes":""},"lyyti_event_category":[2479],"class_list":["post-31277","lyyti_event","type-lyyti_event","status-publish","has-post-thumbnail","lyyti_event_category-tapahtuma"],"acf":[],"_links":{"self":[{"href":"https:\/\/varsinais-suomi.fi\/sv\/wp-json\/wp\/v2\/lyyti_event\/31277","targetHints":{"allow":["GET"]}}],"collection":[{"href":"https:\/\/varsinais-suomi.fi\/sv\/wp-json\/wp\/v2\/lyyti_event"}],"about":[{"href":"https:\/\/varsinais-suomi.fi\/sv\/wp-json\/wp\/v2\/types\/lyyti_event"}],"version-history":[{"count":1,"href":"https:\/\/varsinais-suomi.fi\/sv\/wp-json\/wp\/v2\/lyyti_event\/31277\/revisions"}],"predecessor-version":[{"id":31281,"href":"https:\/\/varsinais-suomi.fi\/sv\/wp-json\/wp\/v2\/lyyti_event\/31277\/revisions\/31281"}],"wp:featuredmedia":[{"embeddable":true,"href":"https:\/\/varsinais-suomi.fi\/sv\/wp-json\/wp\/v2\/media\/31278"}],"wp:attachment":[{"href":"https:\/\/varsinais-suomi.fi\/sv\/wp-json\/wp\/v2\/media?parent=31277"}],"wp:term":[{"taxonomy":"lyyti_event_category","embeddable":true,"href":"https:\/\/varsinais-suomi.fi\/sv\/wp-json\/wp\/v2\/lyyti_event_category?post=31277"}],"curies":[{"name":"wp","href":"https:\/\/api.w.org\/{rel}","templated":true}]}}

Varsinais-Suomen matkailukehittäjien päivä Naantalissa 15.9.2026

<div class="lyyti-reporting-block">
<p><span style="font-size:12pt"><span style="font-family:Aptos, sans-serif"><span style="font-size:11pt"><span style="background-color:#FFFFFF"><span style="color:#333333">Miten matkailun saavutettavuutta voidaan parantaa Varsinais-Suomessa ja mitä yhteisiä kehittämistoimia tarvitaan kasvun vauhdittamiseksi?</span></span></span></span></span></p>
<p><span style="font-size:12pt"><span style="font-family:Aptos, sans-serif"><span style="font-size:11pt"><span style="background-color:#FFFFFF"><span style="color:#333333">Matkailukehittäjien päivässä kuulemme ajankohtaisia puheenvuoroja alueen liikenne- ja infrahankkeista sekä lentoliikenteen näkymistä. Iltapäivän työpajassa työstämme yhdessä matkailutoimijoiden yhteisiä kehittämis- ja vaikuttamiskärkiä teemalla <strong>&#8221;Saavutettavuudesta kasvuun&#8221;</strong>.</span></span></span></span></span></p>
<p><span style="font-size:12pt"><span style="font-family:Aptos, sans-serif"><span style="font-size:11pt"><span style="background-color:#FFFFFF"><span style="color:#333333">Tilaisuus on suunnattu matkailun kehittäjille, matkailuorganisaatioille, kunnille, yrityksille ja muille matkailualan toimijoille. </span></span></span></span></span></p>
</div>

<p>Miten matkailun saavutettavuutta voidaan parantaa Varsinais-Suomessa ja mitä yhteisiä kehittämistoimia tarvitaan kasvun vauhdittamiseksi? Matkailukehittäjien päivässä kuulemme ajankohtaisia puheenvuoroja alueen liikenne- ja infrahankkeista sekä lentoliikenteen näkymistä. Iltapäivän työpajassa työstämme yhdessä matkailutoimijoiden&#8230;</p>
