{"id":28514,"date":"2026-03-24T16:16:54","date_gmt":"2026-03-24T14:16:54","guid":{"rendered":"https:\/\/varsinais-suomi.kajahdusdev.fi\/lyyti-event\/polkupyoran-kevathuolto-2025\/"},"modified":"2026-03-25T02:20:12","modified_gmt":"2026-03-25T00:20:12","slug":"polkupyoran-kevathuolto-2025","status":"publish","type":"lyyti_event","link":"https:\/\/varsinais-suomi.fi\/sv\/lyyti-event\/polkupyoran-kevathuolto-2025\/","title":{"rendered":"Polkupy\u00f6r\u00e4n kev\u00e4thuolto 2025"},"content":{"rendered":"","protected":false},"excerpt":{"rendered":"","protected":false},"featured_media":28515,"template":"","meta":{"_acf_changed":false,"footnotes":""},"lyyti_event_category":[2469],"class_list":{"0":"post-28514","1":"lyyti_event","2":"type-lyyti_event","3":"status-publish","4":"has-post-thumbnail","6":"lyyti_event_category-kokous"},"acf":[],"_links":{"self":[{"href":"https:\/\/varsinais-suomi.fi\/sv\/wp-json\/wp\/v2\/lyyti_event\/28514","targetHints":{"allow":["GET"]}}],"collection":[{"href":"https:\/\/varsinais-suomi.fi\/sv\/wp-json\/wp\/v2\/lyyti_event"}],"about":[{"href":"https:\/\/varsinais-suomi.fi\/sv\/wp-json\/wp\/v2\/types\/lyyti_event"}],"version-history":[{"count":1,"href":"https:\/\/varsinais-suomi.fi\/sv\/wp-json\/wp\/v2\/lyyti_event\/28514\/revisions"}],"predecessor-version":[{"id":28523,"href":"https:\/\/varsinais-suomi.fi\/sv\/wp-json\/wp\/v2\/lyyti_event\/28514\/revisions\/28523"}],"wp:featuredmedia":[{"embeddable":true,"href":"https:\/\/varsinais-suomi.fi\/sv\/wp-json\/wp\/v2\/media\/28515"}],"wp:attachment":[{"href":"https:\/\/varsinais-suomi.fi\/sv\/wp-json\/wp\/v2\/media?parent=28514"}],"wp:term":[{"taxonomy":"lyyti_event_category","embeddable":true,"href":"https:\/\/varsinais-suomi.fi\/sv\/wp-json\/wp\/v2\/lyyti_event_category?post=28514"}],"curies":[{"name":"wp","href":"https:\/\/api.w.org\/{rel}","templated":true}]}}

Polkupyörän keväthuolto 2025
