{"id":21827,"date":"2026-03-05T07:40:06","date_gmt":"2026-03-05T05:40:06","guid":{"rendered":"https:\/\/varsinais-suomi.kajahdusdev.fi\/lyyti-event\/saaristotoimikunnan-kokous\/"},"modified":"2026-05-03T11:16:57","modified_gmt":"2026-05-03T08:16:57","slug":"saaristotoimikunnan-kokous","status":"publish","type":"lyyti_event","link":"https:\/\/varsinais-suomi.fi\/sv\/lyyti-event\/saaristotoimikunnan-kokous\/","title":{"rendered":"Saaristotoimikunnan kokous"},"content":{"rendered":"<div class=\"lyyti-reporting-block\">\n<p>Tutustu Saaristotoimikunnan kokoonpanoon ja toimintaan tarkemmin sivuillamme. Saaristotoimikunnan esityslista julkaistaan liiton nettisivuilla viisi p\u00e4iv\u00e4\u00e4 ennen kokousta.<\/p>\n<p>Kokoukset ovat vain toimikunnan j\u00e4senille ja varaj\u00e4senille.<\/p>\n<p>\u00a0<\/p>\n<p>L\u00e4s mer om Sk\u00e4rg\u00e5rdskommissionens sammans\u00e4ttning och verksamhet p\u00e5 v\u00e5r hemsida.\u00a0Sk\u00e4rg\u00e5rdsn\u00e4mndens dagordning publiceras p\u00e5 hemsidan fem dagar f\u00f6re m\u00f6tet.<\/p>\n<p>M\u00f6tena \u00e4r endast f\u00f6r ledam\u00f6ter och suppleanter.<\/p>\n<\/div>\n","protected":false},"excerpt":{"rendered":"<p>Tutustu Saaristotoimikunnan kokoonpanoon ja toimintaan tarkemmin sivuillamme. Saaristotoimikunnan esityslista julkaistaan liiton nettisivuilla viisi p\u00e4iv\u00e4\u00e4 ennen kokousta. Kokoukset ovat vain toimikunnan j\u00e4senille ja varaj\u00e4senille. \u00a0 L\u00e4s mer om Sk\u00e4rg\u00e5rdskommissionens sammans\u00e4ttning och&#8230;<\/p>\n","protected":false},"featured_media":21828,"template":"","meta":{"_acf_changed":false,"footnotes":""},"lyyti_event_category":[2469],"class_list":{"0":"post-21827","1":"lyyti_event","2":"type-lyyti_event","3":"status-publish","4":"has-post-thumbnail","6":"lyyti_event_category-kokous"},"acf":[],"_links":{"self":[{"href":"https:\/\/varsinais-suomi.fi\/sv\/wp-json\/wp\/v2\/lyyti_event\/21827","targetHints":{"allow":["GET"]}}],"collection":[{"href":"https:\/\/varsinais-suomi.fi\/sv\/wp-json\/wp\/v2\/lyyti_event"}],"about":[{"href":"https:\/\/varsinais-suomi.fi\/sv\/wp-json\/wp\/v2\/types\/lyyti_event"}],"version-history":[{"count":1,"href":"https:\/\/varsinais-suomi.fi\/sv\/wp-json\/wp\/v2\/lyyti_event\/21827\/revisions"}],"predecessor-version":[{"id":21840,"href":"https:\/\/varsinais-suomi.fi\/sv\/wp-json\/wp\/v2\/lyyti_event\/21827\/revisions\/21840"}],"wp:featuredmedia":[{"embeddable":true,"href":"https:\/\/varsinais-suomi.fi\/sv\/wp-json\/wp\/v2\/media\/21828"}],"wp:attachment":[{"href":"https:\/\/varsinais-suomi.fi\/sv\/wp-json\/wp\/v2\/media?parent=21827"}],"wp:term":[{"taxonomy":"lyyti_event_category","embeddable":true,"href":"https:\/\/varsinais-suomi.fi\/sv\/wp-json\/wp\/v2\/lyyti_event_category?post=21827"}],"curies":[{"name":"wp","href":"https:\/\/api.w.org\/{rel}","templated":true}]}}

<div class="lyyti-reporting-block">
<p>Tutustu Saaristotoimikunnan kokoonpanoon ja toimintaan tarkemmin sivuillamme. Saaristotoimikunnan esityslista julkaistaan liiton nettisivuilla viisi päivää ennen kokousta.</p>
<p>Kokoukset ovat vain toimikunnan jäsenille ja varajäsenille.</p>
<p> </p>
<p>Läs mer om Skärgårdskommissionens sammansättning och verksamhet på vår hemsida. Skärgårdsnämndens dagordning publiceras på hemsidan fem dagar före mötet.</p>
<p>Mötena är endast för ledamöter och suppleanter.</p>
</div>

<p>Tutustu Saaristotoimikunnan kokoonpanoon ja toimintaan tarkemmin sivuillamme. Saaristotoimikunnan esityslista julkaistaan liiton nettisivuilla viisi päivää ennen kokousta. Kokoukset ovat vain toimikunnan jäsenille ja varajäsenille.   Läs mer om Skärgårdskommissionens sammansättning och&#8230;</p>
