{"id":21136,"date":"2026-02-17T09:20:07","date_gmt":"2026-02-17T07:20:07","guid":{"rendered":"https:\/\/varsinais-suomi.kajahdusdev.fi\/lyyti-event\/mita-on-meneillaan-varsinais-suomessa-ilmasto-ja-luontotyon-ajankohtaiskatsaus\/"},"modified":"2026-04-30T03:17:02","modified_gmt":"2026-04-30T00:17:02","slug":"mita-on-meneillaan-varsinais-suomessa-ilmasto-ja-luontotyon-ajankohtaiskatsaus","status":"publish","type":"lyyti_event","link":"https:\/\/varsinais-suomi.fi\/sv\/lyyti-event\/mita-on-meneillaan-varsinais-suomessa-ilmasto-ja-luontotyon-ajankohtaiskatsaus\/","title":{"rendered":"Mit\u00e4 on meneill\u00e4\u00e4n Varsinais-Suomessa? Ilmasto- ja  luontoty\u00f6n ajankohtaiskatsaus"},"content":{"rendered":"<div class=\"lyyti-reporting-block\">\n<p>J\u00e4rjest\u00e4mme 2\u20134 kertaa vuodessa erityisesti kuntien luottamushenkil\u00f6ille suunnatun infowebinaarin maakunnan ajankohtaisista asioista ilmasto- ja luontoty\u00f6ss\u00e4. Infoilla Valonia, kuntien yhteisen kest\u00e4v\u00e4n kehityksen asiantuntija, haluaa antaa kuntien luottamushenkil\u00f6ille ajantasaisen n\u00e4kemyksen maakunnan kest\u00e4vyysty\u00f6n tilasta.<\/p>\n<p>Infossa kerrotaan mit\u00e4 Varsinais-Suomessa on parhaillaan k\u00e4ynniss\u00e4, mit\u00e4 on suunnitteilla, miten vastaamme ajankohtaisiin kansallisiin ja kansainv\u00e4lisiin kehityskulkuihin ja mik\u00e4 maakunnan kest\u00e4vyysty\u00f6t\u00e4 haastaa. Jokaisessa infossa my\u00f6s syvennymme tarkemmin yhteen ajankohtaiseen aiheeseen.<\/p>\n<p>Kutsut infoihin l\u00e4hetet\u00e4\u00e4n varta vasten t\u00e4t\u00e4 tarkoitusta varten luodun s\u00e4hk\u00f6postilistan kautta. Liity s\u00e4hk\u00f6postilistalle ja pysy k\u00e4rryill\u00e4 maakunnan ilmasto- ja luontoty\u00f6n tilasta!<\/p>\n<\/div>\n","protected":false},"excerpt":{"rendered":"<p>J\u00e4rjest\u00e4mme 2\u20134 kertaa vuodessa erityisesti kuntien luottamushenkil\u00f6ille suunnatun infowebinaarin maakunnan ajankohtaisista asioista ilmasto- ja luontoty\u00f6ss\u00e4. Infoilla Valonia, kuntien yhteisen kest\u00e4v\u00e4n kehityksen asiantuntija, haluaa antaa kuntien luottamushenkil\u00f6ille ajantasaisen n\u00e4kemyksen maakunnan kest\u00e4vyysty\u00f6n&#8230;<\/p>\n","protected":false},"featured_media":24004,"template":"","meta":{"_acf_changed":false,"footnotes":""},"lyyti_event_category":[2489],"class_list":{"0":"post-21136","1":"lyyti_event","2":"type-lyyti_event","3":"status-publish","4":"has-post-thumbnail","6":"lyyti_event_category-muut"},"acf":[],"_links":{"self":[{"href":"https:\/\/varsinais-suomi.fi\/sv\/wp-json\/wp\/v2\/lyyti_event\/21136","targetHints":{"allow":["GET"]}}],"collection":[{"href":"https:\/\/varsinais-suomi.fi\/sv\/wp-json\/wp\/v2\/lyyti_event"}],"about":[{"href":"https:\/\/varsinais-suomi.fi\/sv\/wp-json\/wp\/v2\/types\/lyyti_event"}],"version-history":[{"count":2,"href":"https:\/\/varsinais-suomi.fi\/sv\/wp-json\/wp\/v2\/lyyti_event\/21136\/revisions"}],"predecessor-version":[{"id":21529,"href":"https:\/\/varsinais-suomi.fi\/sv\/wp-json\/wp\/v2\/lyyti_event\/21136\/revisions\/21529"}],"wp:featuredmedia":[{"embeddable":true,"href":"https:\/\/varsinais-suomi.fi\/sv\/wp-json\/wp\/v2\/media\/24004"}],"wp:attachment":[{"href":"https:\/\/varsinais-suomi.fi\/sv\/wp-json\/wp\/v2\/media?parent=21136"}],"wp:term":[{"taxonomy":"lyyti_event_category","embeddable":true,"href":"https:\/\/varsinais-suomi.fi\/sv\/wp-json\/wp\/v2\/lyyti_event_category?post=21136"}],"curies":[{"name":"wp","href":"https:\/\/api.w.org\/{rel}","templated":true}]}}

Mitä on meneillään Varsinais-Suomessa? Ilmasto- ja  luontotyön ajankohtaiskatsaus

<div class="lyyti-reporting-block">
<p>Järjestämme 2–4 kertaa vuodessa erityisesti kuntien luottamushenkilöille suunnatun infowebinaarin maakunnan ajankohtaisista asioista ilmasto- ja luontotyössä. Infoilla Valonia, kuntien yhteisen kestävän kehityksen asiantuntija, haluaa antaa kuntien luottamushenkilöille ajantasaisen näkemyksen maakunnan kestävyystyön tilasta.</p>
<p>Infossa kerrotaan mitä Varsinais-Suomessa on parhaillaan käynnissä, mitä on suunnitteilla, miten vastaamme ajankohtaisiin kansallisiin ja kansainvälisiin kehityskulkuihin ja mikä maakunnan kestävyystyötä haastaa. Jokaisessa infossa myös syvennymme tarkemmin yhteen ajankohtaiseen aiheeseen.</p>
<p>Kutsut infoihin lähetetään varta vasten tätä tarkoitusta varten luodun sähköpostilistan kautta. Liity sähköpostilistalle ja pysy kärryillä maakunnan ilmasto- ja luontotyön tilasta!</p>
</div>

<p>Järjestämme 2–4 kertaa vuodessa erityisesti kuntien luottamushenkilöille suunnatun infowebinaarin maakunnan ajankohtaisista asioista ilmasto- ja luontotyössä. Infoilla Valonia, kuntien yhteisen kestävän kehityksen asiantuntija, haluaa antaa kuntien luottamushenkilöille ajantasaisen näkemyksen maakunnan kestävyystyön&#8230;</p>
