{"id":21845,"date":"2026-03-05T10:45:04","date_gmt":"2026-03-05T08:45:04","guid":{"rendered":"https:\/\/varsinais-suomi.kajahdusdev.fi\/lyyti-event\/varsinais-suomen-strategian-2040-kaynnistystilaisuus\/"},"modified":"2026-04-29T13:16:58","modified_gmt":"2026-04-29T10:16:58","slug":"varsinais-suomen-strategian-2040-kaynnistystilaisuus","status":"publish","type":"lyyti_event","link":"https:\/\/varsinais-suomi.fi\/en\/lyyti-event\/varsinais-suomen-strategian-2040-kaynnistystilaisuus\/","title":{"rendered":"Varsinais-Suomen strategian 2040+ k\u00e4ynnistystilaisuus"},"content":{"rendered":"<div class=\"lyyti-reporting-block\">\n<p>Tulevaisuuden Varsinais-Suomi\u00a0on yhteyksien rakentaja, joka\u00a0kiinnitt\u00e4\u00e4 Suomen l\u00e4nteen\u00a0\u2013 n\u00e4in\u00a0kirjasimme yhdess\u00e4\u00a0Varsinais-Suomen strategiaan 2040+.\u00a0Nyt on aika laittaa\u00a0liikkeelle\u00a0visiota toteuttavat\u00a0teot!\u00a0\u00a0<\/p>\n<p>\u201dSeuraava pys\u00e4kki: Varsinais-Suomi 2040+\u201d\u00a0on uuden strategiakauden\u00a0k\u00e4ynnistystilaisuus, joka\u00a0kokoaa\u00a0varsinaissuomalaiset\u00a0toimijat\u00a0yhteen julkistamaan\u00a0strategian toteuttamissuunnitelma.\u00a0Tilaisuuden\u00a0aikana\u00a0kuulemme sitoumuksista\u00a0strategian tavoitteisiin,\u00a0rakennamme\u00a0yhteyksi\u00e4\u00a0l\u00e4nteen,\u00a0etsimme ratkaisuja yhteisiin haasteisiin\u00a0ja vahvistamme\u00a0keskin\u00e4isi\u00e4\u00a0kumppanuuksia.\u00a0<\/p>\n<p><strong>Ohjelma<\/strong><\/p>\n<p>9.00\u00a0 Avaussanat\u00a0<br \/>\nMaakuntajohtaja\u00a0Jyri Arponen\u00a0<\/p>\n<p>9.15 Paneelikeskustelu\u00a0(et\u00e4yhteyksin):\u00a0<br \/>\nBuilding connections and re-thinking regional development\u00a0\u00a0<\/p>\n<p>Minister\u00a0Camilla\u00a0Gunell, The Government of\u00a0\u00c5land, Finland\u00a0<br \/>\nSenior Strategist\u00a0Peter Friberg, Region J\u00f6nk\u00f6ping County, Sweden\u00a0<br \/>\nHead of the Section for Regional Planning and Environment\u00a0Elin Tangen Skeide,\u00a0\u00d8stfold\u00a0County Administration, Norway\u00a0<br \/>\nProgramme\u00a0Manager\u00a0Luc Hulsman, Northern Netherlands Alliance, The Netherlands\u00a0\u00a0<\/p>\n<p>Paneelikeskustelun juontavat suunnittelujohtaja\u00a0Heidi Saaristo-Levin\u00a0ja kehitt\u00e4misp\u00e4\u00e4llikk\u00f6\u00a0Salla-Maria Lauttam\u00e4ki\u00a0Varsinais-Suomen liitosta.\u00a0\u00a0<\/p>\n<p>10.00 Tauko\u00a0\u00a0<\/p>\n<p>10.30 Rinnakkaissessiot\u00a0strategian\u00a0l\u00e4pileikkaavista\u00a0teemoista:\u00a0\u00a0<br \/>\nRisteyskohtia ja uusia reittej\u00e4\u00a0<\/p>\n<p>Kest\u00e4v\u00e4 talous ja kilpailukyky\u00a0\u00a0<br \/>\nLuonto ja puhdas siirtym\u00e4\u00a0<br \/>\nResilienssi ja turvallisuus\u00a0<br \/>\nUudistumiskyky ja tulevaisuusvalmius\u00a0<\/p>\n<p>11.20 Tulevaisuuden strategiaty\u00f6\u00a0&#8211; kommenttipuheenvuoroja11.20 Tulevaisuuden strategiaty\u00f6\u00a0&#8211; kommenttipuheenvuoroja<br \/>\nMaakuntavaltuuston puheenjohtaja Aliisa Wahlsten<br \/>\nToiminnanjohtaja Katja Suominen, Tukenasi ry<br \/>\nVaikuttamisp\u00e4\u00e4llikk\u00f6 Krista Ahonen, Turun kauppakamari<br \/>\nJohtava asiantuntija, Lounais-Suomen ELVAR-toimikunnan sihteeri Juha Tuominen, Lounais-Suomen elinvoimakeskus<\/p>\n<p>11.50 P\u00e4\u00e4t\u00f6ssanat\u00a0<br \/>\nToimitusjohtaja\u00a0Katariina Torvinen,\u00a0Ukipolis\u00a0Oy \u00a0<\/p>\n<p>Tule mukaan tekem\u00e4\u00e4n strategiasta totta!\u00a0<\/p>\n<\/div>\n","protected":false},"excerpt":{"rendered":"<p>Tulevaisuuden Varsinais-Suomi\u00a0on yhteyksien rakentaja, joka\u00a0kiinnitt\u00e4\u00e4 Suomen l\u00e4nteen\u00a0\u2013 n\u00e4in\u00a0kirjasimme yhdess\u00e4\u00a0Varsinais-Suomen strategiaan 2040+.\u00a0Nyt on aika laittaa\u00a0liikkeelle\u00a0visiota toteuttavat\u00a0teot!\u00a0\u00a0 \u201dSeuraava pys\u00e4kki: Varsinais-Suomi 2040+\u201d\u00a0on uuden strategiakauden\u00a0k\u00e4ynnistystilaisuus, joka\u00a0kokoaa\u00a0varsinaissuomalaiset\u00a0toimijat\u00a0yhteen julkistamaan\u00a0strategian toteuttamissuunnitelma.\u00a0Tilaisuuden\u00a0aikana\u00a0kuulemme sitoumuksista\u00a0strategian tavoitteisiin,\u00a0rakennamme\u00a0yhteyksi\u00e4\u00a0l\u00e4nteen,\u00a0etsimme ratkaisuja yhteisiin haasteisiin\u00a0ja vahvistamme\u00a0keskin\u00e4isi\u00e4\u00a0kumppanuuksia.\u00a0&#8230;<\/p>\n","protected":false},"featured_media":21848,"template":"","meta":{"_acf_changed":false,"footnotes":""},"lyyti_event_category":[2479],"class_list":{"0":"post-21845","1":"lyyti_event","2":"type-lyyti_event","3":"status-publish","4":"has-post-thumbnail","6":"lyyti_event_category-tapahtuma"},"acf":[],"_links":{"self":[{"href":"https:\/\/varsinais-suomi.fi\/en\/wp-json\/wp\/v2\/lyyti_event\/21845","targetHints":{"allow":["GET"]}}],"collection":[{"href":"https:\/\/varsinais-suomi.fi\/en\/wp-json\/wp\/v2\/lyyti_event"}],"about":[{"href":"https:\/\/varsinais-suomi.fi\/en\/wp-json\/wp\/v2\/types\/lyyti_event"}],"version-history":[{"count":13,"href":"https:\/\/varsinais-suomi.fi\/en\/wp-json\/wp\/v2\/lyyti_event\/21845\/revisions"}],"predecessor-version":[{"id":29461,"href":"https:\/\/varsinais-suomi.fi\/en\/wp-json\/wp\/v2\/lyyti_event\/21845\/revisions\/29461"}],"wp:featuredmedia":[{"embeddable":true,"href":"https:\/\/varsinais-suomi.fi\/en\/wp-json\/wp\/v2\/media\/21848"}],"wp:attachment":[{"href":"https:\/\/varsinais-suomi.fi\/en\/wp-json\/wp\/v2\/media?parent=21845"}],"wp:term":[{"taxonomy":"lyyti_event_category","embeddable":true,"href":"https:\/\/varsinais-suomi.fi\/en\/wp-json\/wp\/v2\/lyyti_event_category?post=21845"}],"curies":[{"name":"wp","href":"https:\/\/api.w.org\/{rel}","templated":true}]}}

Varsinais-Suomen strategian 2040+ käynnistystilaisuus

<div class="lyyti-reporting-block">
<p>Tulevaisuuden Varsinais-Suomi on yhteyksien rakentaja, joka kiinnittää Suomen länteen – näin kirjasimme yhdessä Varsinais-Suomen strategiaan 2040+. Nyt on aika laittaa liikkeelle visiota toteuttavat teot!  </p>
<p>”Seuraava pysäkki: Varsinais-Suomi 2040+” on uuden strategiakauden käynnistystilaisuus, joka kokoaa varsinaissuomalaiset toimijat yhteen julkistamaan strategian toteuttamissuunnitelma. Tilaisuuden aikana kuulemme sitoumuksista strategian tavoitteisiin, rakennamme yhteyksiä länteen, etsimme ratkaisuja yhteisiin haasteisiin ja vahvistamme keskinäisiä kumppanuuksia. </p>
<p><strong>Ohjelma</strong></p>
<p>9.00  Avaussanat <br />
Maakuntajohtaja Jyri Arponen </p>
<p>9.15 Paneelikeskustelu (etäyhteyksin): <br />
Building connections and re-thinking regional development  </p>
<p>Minister Camilla Gunell, The Government of Åland, Finland <br />
Senior Strategist Peter Friberg, Region Jönköping County, Sweden <br />
Head of the Section for Regional Planning and Environment Elin Tangen Skeide, Østfold County Administration, Norway <br />
Programme Manager Luc Hulsman, Northern Netherlands Alliance, The Netherlands  </p>
<p>Paneelikeskustelun juontavat suunnittelujohtaja Heidi Saaristo-Levin ja kehittämispäällikkö Salla-Maria Lauttamäki Varsinais-Suomen liitosta.  </p>
<p>10.00 Tauko  </p>
<p>10.30 Rinnakkaissessiot strategian läpileikkaavista teemoista:  <br />
Risteyskohtia ja uusia reittejä </p>
<p>Kestävä talous ja kilpailukyky  <br />
Luonto ja puhdas siirtymä <br />
Resilienssi ja turvallisuus <br />
Uudistumiskyky ja tulevaisuusvalmius </p>
<p>11.20 Tulevaisuuden strategiatyö &#8211; kommenttipuheenvuoroja11.20 Tulevaisuuden strategiatyö &#8211; kommenttipuheenvuoroja<br />
Maakuntavaltuuston puheenjohtaja Aliisa Wahlsten<br />
Toiminnanjohtaja Katja Suominen, Tukenasi ry<br />
Vaikuttamispäällikkö Krista Ahonen, Turun kauppakamari<br />
Johtava asiantuntija, Lounais-Suomen ELVAR-toimikunnan sihteeri Juha Tuominen, Lounais-Suomen elinvoimakeskus</p>
<p>11.50 Päätössanat <br />
Toimitusjohtaja Katariina Torvinen, Ukipolis Oy  </p>
<p>Tule mukaan tekemään strategiasta totta! </p>
</div>

<p>Tulevaisuuden Varsinais-Suomi on yhteyksien rakentaja, joka kiinnittää Suomen länteen – näin kirjasimme yhdessä Varsinais-Suomen strategiaan 2040+. Nyt on aika laittaa liikkeelle visiota toteuttavat teot!   ”Seuraava pysäkki: Varsinais-Suomi 2040+” on uuden strategiakauden käynnistystilaisuus, joka kokoaa varsinaissuomalaiset toimijat yhteen julkistamaan strategian toteuttamissuunnitelma. Tilaisuuden aikana kuulemme sitoumuksista strategian tavoitteisiin, rakennamme yhteyksiä länteen, etsimme ratkaisuja yhteisiin haasteisiin ja vahvistamme keskinäisiä kumppanuuksia. &#8230;</p>
