{"id":21831,"date":"2026-03-05T07:40:07","date_gmt":"2026-03-05T05:40:07","guid":{"rendered":"https:\/\/varsinais-suomi.kajahdusdev.fi\/lyyti-event\/maakunnan-yhteistyoryhma-3\/"},"modified":"2026-04-29T14:16:48","modified_gmt":"2026-04-29T11:16:48","slug":"maakunnan-yhteistyoryhma-3","status":"publish","type":"lyyti_event","link":"https:\/\/varsinais-suomi.fi\/en\/lyyti-event\/maakunnan-yhteistyoryhma-3\/","title":{"rendered":"Maakunnan yhteisty\u00f6ryhm\u00e4n kokous"},"content":{"rendered":"<div class=\"lyyti-reporting-block\">\n<p>Maakunnan yhteisty\u00f6ryhm\u00e4 (MYR) p\u00e4\u00e4tt\u00e4\u00e4 kehitt\u00e4mishankkeiden linjauksista ja rahoituskehyksen jakaantumisesta. Yhteisty\u00f6ryhm\u00e4 k\u00e4sittelee my\u00f6s maakunnan keskeiset kehitt\u00e4miskysymykset. Yhteisty\u00f6ryhm\u00e4\u00e4n kuuluu 41 edustajaa eri alueellisista organisaatioista ja asiantuntijatahoista.<\/p>\n<p>Maakunnan yhteisty\u00f6ryhm\u00e4n esityslista\u00a0julkaistaan Varsinais-Suomen liiton verkkosivuilla viisi p\u00e4iv\u00e4\u00e4 ennen kokousta.<\/p>\n<\/div>\n","protected":false},"excerpt":{"rendered":"<p>Maakunnan yhteisty\u00f6ryhm\u00e4 (MYR) p\u00e4\u00e4tt\u00e4\u00e4 kehitt\u00e4mishankkeiden linjauksista ja rahoituskehyksen jakaantumisesta. Yhteisty\u00f6ryhm\u00e4 k\u00e4sittelee my\u00f6s maakunnan keskeiset kehitt\u00e4miskysymykset. Yhteisty\u00f6ryhm\u00e4\u00e4n kuuluu 41 edustajaa eri alueellisista organisaatioista ja asiantuntijatahoista. Maakunnan yhteisty\u00f6ryhm\u00e4n esityslista\u00a0julkaistaan Varsinais-Suomen liiton verkkosivuilla&#8230;<\/p>\n","protected":false},"featured_media":21832,"template":"","meta":{"_acf_changed":false,"footnotes":""},"lyyti_event_category":[2469],"class_list":{"0":"post-21831","1":"lyyti_event","2":"type-lyyti_event","3":"status-publish","4":"has-post-thumbnail","6":"lyyti_event_category-kokous"},"acf":[],"_links":{"self":[{"href":"https:\/\/varsinais-suomi.fi\/en\/wp-json\/wp\/v2\/lyyti_event\/21831","targetHints":{"allow":["GET"]}}],"collection":[{"href":"https:\/\/varsinais-suomi.fi\/en\/wp-json\/wp\/v2\/lyyti_event"}],"about":[{"href":"https:\/\/varsinais-suomi.fi\/en\/wp-json\/wp\/v2\/types\/lyyti_event"}],"version-history":[{"count":2,"href":"https:\/\/varsinais-suomi.fi\/en\/wp-json\/wp\/v2\/lyyti_event\/21831\/revisions"}],"predecessor-version":[{"id":29110,"href":"https:\/\/varsinais-suomi.fi\/en\/wp-json\/wp\/v2\/lyyti_event\/21831\/revisions\/29110"}],"wp:featuredmedia":[{"embeddable":true,"href":"https:\/\/varsinais-suomi.fi\/en\/wp-json\/wp\/v2\/media\/21832"}],"wp:attachment":[{"href":"https:\/\/varsinais-suomi.fi\/en\/wp-json\/wp\/v2\/media?parent=21831"}],"wp:term":[{"taxonomy":"lyyti_event_category","embeddable":true,"href":"https:\/\/varsinais-suomi.fi\/en\/wp-json\/wp\/v2\/lyyti_event_category?post=21831"}],"curies":[{"name":"wp","href":"https:\/\/api.w.org\/{rel}","templated":true}]}}

Maakunnan yhteistyöryhmän kokous

<div class="lyyti-reporting-block">
<p>Maakunnan yhteistyöryhmä (MYR) päättää kehittämishankkeiden linjauksista ja rahoituskehyksen jakaantumisesta. Yhteistyöryhmä käsittelee myös maakunnan keskeiset kehittämiskysymykset. Yhteistyöryhmään kuuluu 41 edustajaa eri alueellisista organisaatioista ja asiantuntijatahoista.</p>
<p>Maakunnan yhteistyöryhmän esityslista julkaistaan Varsinais-Suomen liiton verkkosivuilla viisi päivää ennen kokousta.</p>
</div>

<p>Maakunnan yhteistyöryhmä (MYR) päättää kehittämishankkeiden linjauksista ja rahoituskehyksen jakaantumisesta. Yhteistyöryhmä käsittelee myös maakunnan keskeiset kehittämiskysymykset. Yhteistyöryhmään kuuluu 41 edustajaa eri alueellisista organisaatioista ja asiantuntijatahoista. Maakunnan yhteistyöryhmän esityslista julkaistaan Varsinais-Suomen liiton verkkosivuilla&#8230;</p>
