{"id":21825,"date":"2026-03-05T07:40:05","date_gmt":"2026-03-05T05:40:05","guid":{"rendered":"https:\/\/varsinais-suomi.kajahdusdev.fi\/lyyti-event\/kulttuuritoimikunnan-kokous\/"},"modified":"2026-04-07T03:17:39","modified_gmt":"2026-04-07T00:17:39","slug":"kulttuuritoimikunnan-kokous","status":"publish","type":"lyyti_event","link":"https:\/\/varsinais-suomi.fi\/en\/lyyti-event\/kulttuuritoimikunnan-kokous\/","title":{"rendered":"Kulttuuritoimikunnan kokous"},"content":{"rendered":"<div class=\"lyyti-reporting-block\">\n<p>Kulttuuritoimikunta on asiantuntijaelin, joka edist\u00e4\u00e4 Varsinais-Suomen taiteen ja kulttuurin asemaa, vahvistaa alueen kulttuuri-identiteetti\u00e4 ja osallistuu maakunnan kehitt\u00e4miseen sek\u00e4 kulttuuriyhteisty\u00f6h\u00f6n. Se valmistelee kulttuuriin liittyvi\u00e4 asioita maakuntahallitukselle, tukee strategian\u00a0toteutusta ja osallistuu muun muassa kulttuurialan hankkeiden valmisteluun sek\u00e4 Kulttuurifoorumin j\u00e4rjest\u00e4miseen. Lis\u00e4ksi toimikunta valmistelee vuosittain maakunnan kulttuuripalkinnon, Aurora-mitalin, my\u00f6nt\u00e4misen.<\/p>\n<p>Kulttuuritoimikunnan kokouksen esityslista julkaistaan liiton verkkosivuilla viikkoa ennen kokousta. Kokous ei ole julkinen.<\/p>\n<\/div>\n","protected":false},"excerpt":{"rendered":"<p>Kulttuuritoimikunta on asiantuntijaelin, joka edist\u00e4\u00e4 Varsinais-Suomen taiteen ja kulttuurin asemaa, vahvistaa alueen kulttuuri-identiteetti\u00e4 ja osallistuu maakunnan kehitt\u00e4miseen sek\u00e4 kulttuuriyhteisty\u00f6h\u00f6n. Se valmistelee kulttuuriin liittyvi\u00e4 asioita maakuntahallitukselle, tukee strategian\u00a0toteutusta ja osallistuu muun&#8230;<\/p>\n","protected":false},"featured_media":21826,"template":"","meta":{"_acf_changed":false,"footnotes":""},"lyyti_event_category":[2469],"class_list":{"0":"post-21825","1":"lyyti_event","2":"type-lyyti_event","3":"status-publish","4":"has-post-thumbnail","6":"lyyti_event_category-kokous"},"acf":[],"_links":{"self":[{"href":"https:\/\/varsinais-suomi.fi\/en\/wp-json\/wp\/v2\/lyyti_event\/21825","targetHints":{"allow":["GET"]}}],"collection":[{"href":"https:\/\/varsinais-suomi.fi\/en\/wp-json\/wp\/v2\/lyyti_event"}],"about":[{"href":"https:\/\/varsinais-suomi.fi\/en\/wp-json\/wp\/v2\/types\/lyyti_event"}],"version-history":[{"count":1,"href":"https:\/\/varsinais-suomi.fi\/en\/wp-json\/wp\/v2\/lyyti_event\/21825\/revisions"}],"predecessor-version":[{"id":21839,"href":"https:\/\/varsinais-suomi.fi\/en\/wp-json\/wp\/v2\/lyyti_event\/21825\/revisions\/21839"}],"wp:featuredmedia":[{"embeddable":true,"href":"https:\/\/varsinais-suomi.fi\/en\/wp-json\/wp\/v2\/media\/21826"}],"wp:attachment":[{"href":"https:\/\/varsinais-suomi.fi\/en\/wp-json\/wp\/v2\/media?parent=21825"}],"wp:term":[{"taxonomy":"lyyti_event_category","embeddable":true,"href":"https:\/\/varsinais-suomi.fi\/en\/wp-json\/wp\/v2\/lyyti_event_category?post=21825"}],"curies":[{"name":"wp","href":"https:\/\/api.w.org\/{rel}","templated":true}]}}

<div class="lyyti-reporting-block">
<p>Kulttuuritoimikunta on asiantuntijaelin, joka edistää Varsinais-Suomen taiteen ja kulttuurin asemaa, vahvistaa alueen kulttuuri-identiteettiä ja osallistuu maakunnan kehittämiseen sekä kulttuuriyhteistyöhön. Se valmistelee kulttuuriin liittyviä asioita maakuntahallitukselle, tukee strategian toteutusta ja osallistuu muun muassa kulttuurialan hankkeiden valmisteluun sekä Kulttuurifoorumin järjestämiseen. Lisäksi toimikunta valmistelee vuosittain maakunnan kulttuuripalkinnon, Aurora-mitalin, myöntämisen.</p>
<p>Kulttuuritoimikunnan kokouksen esityslista julkaistaan liiton verkkosivuilla viikkoa ennen kokousta. Kokous ei ole julkinen.</p>
</div>

<p>Kulttuuritoimikunta on asiantuntijaelin, joka edistää Varsinais-Suomen taiteen ja kulttuurin asemaa, vahvistaa alueen kulttuuri-identiteettiä ja osallistuu maakunnan kehittämiseen sekä kulttuuriyhteistyöhön. Se valmistelee kulttuuriin liittyviä asioita maakuntahallitukselle, tukee strategian toteutusta ja osallistuu muun&#8230;</p>
