{"id":21727,"date":"2026-03-03T16:17:21","date_gmt":"2026-03-03T14:17:21","guid":{"rendered":"https:\/\/varsinais-suomi.kajahdusdev.fi\/lyyti-event\/kohti-ilmastokestavaa-ja-turvallista-huomista\/"},"modified":"2026-04-22T03:17:03","modified_gmt":"2026-04-22T00:17:03","slug":"kohti-ilmastokestavaa-ja-turvallista-huomista","status":"publish","type":"lyyti_event","link":"https:\/\/varsinais-suomi.fi\/en\/lyyti-event\/kohti-ilmastokestavaa-ja-turvallista-huomista\/","title":{"rendered":"Kohti ilmastokest\u00e4v\u00e4\u00e4 ja turvallista huomista"},"content":{"rendered":"<div class=\"lyyti-reporting-block\">\n<p>Euroopan komission k\u00e4ynnist\u00e4m\u00e4 Climate Pact on 27 maassa toimiva ilmastol\u00e4hettil\u00e4iden verkosto, joka kannustaa kansalaisia ilmastotoimiin ja auttaa EU:n hiilineutraaliustavoitteen saavuttamisessa 2050 menness\u00e4.\u00a0<\/p>\n<p>Suomalaiset ilmastol\u00e4hettil\u00e4\u00e4t j\u00e4rjest\u00e4v\u00e4t vuositapahtuman Kohti ilmastokest\u00e4v\u00e4\u00e4 ja turvallista huomista tiistaina 14.4.2026 klo 10\u201312.30 Helsingiss\u00e4 Euroopan komission Suomen edustuston tiloissa Malminkadulla.\u00a0<\/p>\n<p>\u00a0<\/p>\n<p>\u00a0<\/p>\n<\/div>\n","protected":false},"excerpt":{"rendered":"<p>Euroopan komission k\u00e4ynnist\u00e4m\u00e4 Climate Pact on 27 maassa toimiva ilmastol\u00e4hettil\u00e4iden verkosto, joka kannustaa kansalaisia ilmastotoimiin ja auttaa EU:n hiilineutraaliustavoitteen saavuttamisessa 2050 menness\u00e4.\u00a0 Suomalaiset ilmastol\u00e4hettil\u00e4\u00e4t j\u00e4rjest\u00e4v\u00e4t vuositapahtuman Kohti ilmastokest\u00e4v\u00e4\u00e4 ja turvallista&#8230;<\/p>\n","protected":false},"featured_media":21750,"template":"","meta":{"_acf_changed":false,"footnotes":""},"lyyti_event_category":[2476],"class_list":{"0":"post-21727","1":"lyyti_event","2":"type-lyyti_event","3":"status-publish","4":"has-post-thumbnail","6":"lyyti_event_category-yleisotilaisuus"},"acf":[],"_links":{"self":[{"href":"https:\/\/varsinais-suomi.fi\/en\/wp-json\/wp\/v2\/lyyti_event\/21727","targetHints":{"allow":["GET"]}}],"collection":[{"href":"https:\/\/varsinais-suomi.fi\/en\/wp-json\/wp\/v2\/lyyti_event"}],"about":[{"href":"https:\/\/varsinais-suomi.fi\/en\/wp-json\/wp\/v2\/types\/lyyti_event"}],"version-history":[{"count":1,"href":"https:\/\/varsinais-suomi.fi\/en\/wp-json\/wp\/v2\/lyyti_event\/21727\/revisions"}],"predecessor-version":[{"id":21739,"href":"https:\/\/varsinais-suomi.fi\/en\/wp-json\/wp\/v2\/lyyti_event\/21727\/revisions\/21739"}],"wp:featuredmedia":[{"embeddable":true,"href":"https:\/\/varsinais-suomi.fi\/en\/wp-json\/wp\/v2\/media\/21750"}],"wp:attachment":[{"href":"https:\/\/varsinais-suomi.fi\/en\/wp-json\/wp\/v2\/media?parent=21727"}],"wp:term":[{"taxonomy":"lyyti_event_category","embeddable":true,"href":"https:\/\/varsinais-suomi.fi\/en\/wp-json\/wp\/v2\/lyyti_event_category?post=21727"}],"curies":[{"name":"wp","href":"https:\/\/api.w.org\/{rel}","templated":true}]}}

Kohti ilmastokestävää ja turvallista huomista

<div class="lyyti-reporting-block">
<p>Euroopan komission käynnistämä Climate Pact on 27 maassa toimiva ilmastolähettiläiden verkosto, joka kannustaa kansalaisia ilmastotoimiin ja auttaa EU:n hiilineutraaliustavoitteen saavuttamisessa 2050 mennessä. </p>
<p>Suomalaiset ilmastolähettiläät järjestävät vuositapahtuman Kohti ilmastokestävää ja turvallista huomista tiistaina 14.4.2026 klo 10–12.30 Helsingissä Euroopan komission Suomen edustuston tiloissa Malminkadulla. </p>
<p> </p>
<p> </p>
</div>

<p>Euroopan komission käynnistämä Climate Pact on 27 maassa toimiva ilmastolähettiläiden verkosto, joka kannustaa kansalaisia ilmastotoimiin ja auttaa EU:n hiilineutraaliustavoitteen saavuttamisessa 2050 mennessä.  Suomalaiset ilmastolähettiläät järjestävät vuositapahtuman Kohti ilmastokestävää ja turvallista&#8230;</p>
