{"id":21196,"date":"2026-02-19T11:16:49","date_gmt":"2026-02-19T09:16:49","guid":{"rendered":"https:\/\/varsinais-suomi.kajahdusdev.fi\/lyyti-event\/maakuntahallituksen-kokous-6\/"},"modified":"2026-04-29T14:16:48","modified_gmt":"2026-04-29T11:16:48","slug":"maakuntahallituksen-kokous-6","status":"publish","type":"lyyti_event","link":"https:\/\/varsinais-suomi.fi\/en\/lyyti-event\/maakuntahallituksen-kokous-6\/","title":{"rendered":"Maakuntahallituksen kokous"},"content":{"rendered":"<div class=\"lyyti-reporting-block\">\n<p>Varsinais-Suomen liiton toiminnallisesta johdosta vastaa kuukausittain kokoontuva 19-j\u00e4seninen maakuntahallitus. Maakuntajohtaja Jyri Arponen toimii maakuntahallituksen esittelij\u00e4n\u00e4.<\/p>\n<p>\u00a0<\/p>\n<\/div>\n","protected":false},"excerpt":{"rendered":"<p>Varsinais-Suomen liiton toiminnallisesta johdosta vastaa kuukausittain kokoontuva 19-j\u00e4seninen maakuntahallitus. Maakuntajohtaja Jyri Arponen toimii maakuntahallituksen esittelij\u00e4n\u00e4. \u00a0<\/p>\n","protected":false},"featured_media":21197,"template":"","meta":{"_acf_changed":false,"footnotes":""},"lyyti_event_category":[2469],"class_list":{"0":"post-21196","1":"lyyti_event","2":"type-lyyti_event","3":"status-publish","4":"has-post-thumbnail","6":"lyyti_event_category-kokous"},"acf":[],"_links":{"self":[{"href":"https:\/\/varsinais-suomi.fi\/en\/wp-json\/wp\/v2\/lyyti_event\/21196","targetHints":{"allow":["GET"]}}],"collection":[{"href":"https:\/\/varsinais-suomi.fi\/en\/wp-json\/wp\/v2\/lyyti_event"}],"about":[{"href":"https:\/\/varsinais-suomi.fi\/en\/wp-json\/wp\/v2\/types\/lyyti_event"}],"version-history":[{"count":1,"href":"https:\/\/varsinais-suomi.fi\/en\/wp-json\/wp\/v2\/lyyti_event\/21196\/revisions"}],"predecessor-version":[{"id":21222,"href":"https:\/\/varsinais-suomi.fi\/en\/wp-json\/wp\/v2\/lyyti_event\/21196\/revisions\/21222"}],"wp:featuredmedia":[{"embeddable":true,"href":"https:\/\/varsinais-suomi.fi\/en\/wp-json\/wp\/v2\/media\/21197"}],"wp:attachment":[{"href":"https:\/\/varsinais-suomi.fi\/en\/wp-json\/wp\/v2\/media?parent=21196"}],"wp:term":[{"taxonomy":"lyyti_event_category","embeddable":true,"href":"https:\/\/varsinais-suomi.fi\/en\/wp-json\/wp\/v2\/lyyti_event_category?post=21196"}],"curies":[{"name":"wp","href":"https:\/\/api.w.org\/{rel}","templated":true}]}}

<div class="lyyti-reporting-block">
<p>Varsinais-Suomen liiton toiminnallisesta johdosta vastaa kuukausittain kokoontuva 19-jäseninen maakuntahallitus. Maakuntajohtaja Jyri Arponen toimii maakuntahallituksen esittelijänä.</p>
<p> </p>
</div>

<p>Varsinais-Suomen liiton toiminnallisesta johdosta vastaa kuukausittain kokoontuva 19-jäseninen maakuntahallitus. Maakuntajohtaja Jyri Arponen toimii maakuntahallituksen esittelijänä.  </p>
