{"id":19332,"date":"2025-11-14T13:26:41","date_gmt":"2025-11-14T11:26:41","guid":{"rendered":"https:\/\/varsinais-suomi.kajahdusdev.fi\/lyyti-event\/vaikuttajakoulu-2025-2026"},"modified":"2026-04-29T13:16:56","modified_gmt":"2026-04-29T10:16:56","slug":"vaikuttajakoulu-2025-2026","status":"publish","type":"lyyti_event","link":"https:\/\/varsinais-suomi.fi\/en\/lyyti-event\/vaikuttajakoulu-2025-2026\/","title":{"rendered":"Vaikuttajakoulu 2025-2026"},"content":{"rendered":"<div class=\"lyyti-reporting-block\">\n<p>Varsinais-Suomen liiton vaikuttajakoulu tarjoaa ainutlaatuisen mahdollisuuden tutustua p\u00e4\u00e4t\u00f6ksentekoon, tavata p\u00e4\u00e4tt\u00e4ji\u00e4 ja verkostoitua muiden vaikuttamisesta kiinnostuneiden nuorten kanssa.\u00a0Ohjelma vaihtelee hieman vuosittain.<\/p>\n<p>Lue lis\u00e4\u00e4:\u00a0<a href=\"https:\/\/varsinais-suomi.fi\/vaikuttajakoulu\/\">Vaikuttajakoulu &#8211; Varsinais-Suomen liitto<\/a><\/p>\n<\/div>\n","protected":false},"excerpt":{"rendered":"<p>Varsinais-Suomen liiton vaikuttajakoulu tarjoaa ainutlaatuisen mahdollisuuden tutustua p\u00e4\u00e4t\u00f6ksentekoon, tavata p\u00e4\u00e4tt\u00e4ji\u00e4 ja verkostoitua muiden vaikuttamisesta kiinnostuneiden nuorten kanssa.\u00a0Ohjelma vaihtelee hieman vuosittain. Lue lis\u00e4\u00e4:\u00a0Vaikuttajakoulu &#8211; Varsinais-Suomen liitto<\/p>\n","protected":false},"featured_media":21545,"template":"","meta":{"_acf_changed":false,"footnotes":""},"lyyti_event_category":[2475],"class_list":{"0":"post-19332","1":"lyyti_event","2":"type-lyyti_event","3":"status-publish","4":"has-post-thumbnail","6":"lyyti_event_category-koulutus"},"acf":[],"_links":{"self":[{"href":"https:\/\/varsinais-suomi.fi\/en\/wp-json\/wp\/v2\/lyyti_event\/19332","targetHints":{"allow":["GET"]}}],"collection":[{"href":"https:\/\/varsinais-suomi.fi\/en\/wp-json\/wp\/v2\/lyyti_event"}],"about":[{"href":"https:\/\/varsinais-suomi.fi\/en\/wp-json\/wp\/v2\/types\/lyyti_event"}],"version-history":[{"count":2,"href":"https:\/\/varsinais-suomi.fi\/en\/wp-json\/wp\/v2\/lyyti_event\/19332\/revisions"}],"predecessor-version":[{"id":29107,"href":"https:\/\/varsinais-suomi.fi\/en\/wp-json\/wp\/v2\/lyyti_event\/19332\/revisions\/29107"}],"wp:featuredmedia":[{"embeddable":true,"href":"https:\/\/varsinais-suomi.fi\/en\/wp-json\/wp\/v2\/media\/21545"}],"wp:attachment":[{"href":"https:\/\/varsinais-suomi.fi\/en\/wp-json\/wp\/v2\/media?parent=19332"}],"wp:term":[{"taxonomy":"lyyti_event_category","embeddable":true,"href":"https:\/\/varsinais-suomi.fi\/en\/wp-json\/wp\/v2\/lyyti_event_category?post=19332"}],"curies":[{"name":"wp","href":"https:\/\/api.w.org\/{rel}","templated":true}]}}

<div class="lyyti-reporting-block">
<p>Varsinais-Suomen liiton vaikuttajakoulu tarjoaa ainutlaatuisen mahdollisuuden tutustua päätöksentekoon, tavata päättäjiä ja verkostoitua muiden vaikuttamisesta kiinnostuneiden nuorten kanssa. Ohjelma vaihtelee hieman vuosittain.</p>
<p>Lue lisää: <a href="https://varsinais-suomi.fi/vaikuttajakoulu/">Vaikuttajakoulu &#8211; Varsinais-Suomen liitto</a></p>
</div>

<p>Varsinais-Suomen liiton vaikuttajakoulu tarjoaa ainutlaatuisen mahdollisuuden tutustua päätöksentekoon, tavata päättäjiä ja verkostoitua muiden vaikuttamisesta kiinnostuneiden nuorten kanssa. Ohjelma vaihtelee hieman vuosittain. Lue lisää: Vaikuttajakoulu &#8211; Varsinais-Suomen liitto</p>
